{"id":16,"date":"2026-04-19T13:55:01","date_gmt":"2026-04-19T10:55:01","guid":{"rendered":"https:\/\/nettocontact.com\/?page_id=16"},"modified":"2026-04-19T17:21:47","modified_gmt":"2026-04-19T14:21:47","slug":"cok-yakinda","status":"publish","type":"page","link":"https:\/\/nettocontact.com\/","title":{"rendered":"Ai powered call center solutions for Germany"},"content":{"rendered":"\n<p><\/p>\n\n\n<div id=\"sp-page\" class=\"spBgcover sp-content-4 __text_mode_custom_bg__\" style=\"background-color: rgb(255, 255, 255); background-image: url('https:\/\/assets.seedprod.com\/1822-JwR2GSL6AvkMIUZr.jpg'); font-family: 'Open Sans Condensed', sans-serif; font-weight: 300;\">\n<section id=\"sp-ks8a8s\" data-mobile-visibility=\"#sp-ks8a8s|false\" data-tablet-visibility=\"#sp-ks8a8s|false\" data-desktop-visibility=\"#sp-ks8a8s|false\" data-mobile-css=\"\" data-tablet-css=\"\" class=\"sp-el-section \" style=\"background-color: rgba(0, 0, 0, 0.66); width: 490px; max-width: 100%; padding: 10px; border-radius: 10px;\">\n<div><\/div>\n<div id=\"sp-vw3kvy\" data-mobile-visibility=\"#sp-vw3kvy|false\" data-tablet-visibility=\"#sp-vw3kvy|false\" data-desktop-visibility=\"#sp-vw3kvy|false\" data-mobile-css=\"\" data-tablet-css=\"\" class=\"sp-el-row sp-w-full  sp-m-auto sm:sp-flex sp-justify-between\" style=\"padding: 0px; width: auto; max-width: 1000px;\">\n<div id=\"sp-ovbx1s\" data-mobile-visibility=\"#sp-ovbx1s|false\" data-tablet-visibility=\"#sp-ovbx1s|false\" data-desktop-visibility=\"#sp-ovbx1s|false\" data-mobile-css=\"\" data-tablet-css=\"\" class=\"sp-el-col  sp-w-full\" style=\"width: calc(100% + 0px);\">\n<div id=\"sp-niijfv\" data-mobile-css=\"#sp-niijfv|height:40px;\" data-tablet-css=\"#sp-niijfv|height:10px;\" class=\"sp-spacer\" style=\"height: 12px;\"><\/div>\n<figure id=\"sp-xp7nhn\" data-mobile-css=\"#sp-xp7nhn|text-align:center;\" data-tablet-css=\"#sp-xp7nhn|text-align:center;\" class=\"sp-image-wrapper sp-el-block\" style=\"margin: 0px; text-align: center;\">\n<div><span><img fetchpriority=\"high\" decoding=\"async\" src=\"https:\/\/nettocontact.com\/wp-content\/uploads\/2026\/04\/ncn_logo_wb.webp\" alt=\"\" width=\"356\" height=\"284\" data-dynamic-tag=\"\" data-image-src=\"wpmedia\" data-mobile-visibility=\".sp-image-block-xp7nhn|false\" data-tablet-visibility=\".sp-image-block-xp7nhn|false\" data-desktop-visibility=\".sp-image-block-xp7nhn|false\" srcset=\" https:\/\/nettocontact.com\/wp-content\/uploads\/2026\/04\/ncn_logo_wb-150x150.webp 150w, https:\/\/nettocontact.com\/wp-content\/uploads\/2026\/04\/ncn_logo_wb-300x239.webp 300w, https:\/\/nettocontact.com\/wp-content\/uploads\/2026\/04\/ncn_logo_wb.webp 356w\" class=\"sp-image-block-xp7nhn custom-preview-class\" style=\"width: 356px;\"><\/span><\/div>\n<div id=\"sp-image-dynamic-tags-js-xp7nhn\"><script>jQuery(function() { image_dynamic_tags('xp7nhn' );});<\/script><\/div>\n<\/figure>\n<div id=\"sp-jknss8\" data-mobile-css=\"#sp-jknss8|height:40px;\" data-tablet-css=\"#sp-jknss8|height:10px;\" class=\"sp-spacer\" style=\"height: 39px;\"><\/div>\n<p><span href=\"\" target=\"\" rel=\"\" class=\"sp-header-block-link\" style=\"text-decoration: none;\"><\/p>\n<h1 id=\"sp-y0sc75\" data-mobile-css=\".sp-headline-block-y0sc75, #sp-y0sc75, #y0sc75|text-align:center;\" data-tablet-css=\".sp-headline-block-y0sc75, #sp-y0sc75, #y0sc75|text-align:center;\" data-mobile-visibility=\".sp-headline-block-y0sc75|false\" data-tablet-visibility=\".sp-headline-block-y0sc75|false\" data-desktop-visibility=\".sp-headline-block-y0sc75|false\" class=\"sp-css-target sp-el-block sp-headline-block-y0sc75 sp-type-header\" style=\"font-size: 54px; text-align: center; margin: 0px;\">\u00c7al\u0131\u015f\u0131yoruz<\/h1>\n<p><\/span><\/p>\n<div id=\"sp-p7ef8k\" data-mobile-css=\".sp-text-wrapper-p7ef8k, #sp-p7ef8k, #p7ef8k|text-align:left;\" data-tablet-css=\".sp-text-wrapper-p7ef8k, #sp-p7ef8k, #p7ef8k|text-align:left;\" data-mobile-visibility=\".sp-text-wrapper-p7ef8k|false\" data-tablet-visibility=\".sp-text-wrapper-p7ef8k|false\" data-desktop-visibility=\".sp-text-wrapper-p7ef8k|false\" class=\"sp-css-target sp-text-wrapper sp-el-block sp-text-wrapper-p7ef8k\" style=\"font-size: 18px; margin: 0px; text-align: center;\">\n<p>Web sitemiz \u015fu anda g\u00fcncellenmektedir.<\/p>\n<p>K\u0131sa s\u00fcre i\u00e7inde yeniden yay\u0131nda olaca\u011f\u0131z.<\/p>\n<\/div>\n<div id=\"sp-d4et4f\" data-mobile-css=\"#sp-d4et4f|height:40px;\" data-tablet-css=\"#sp-d4et4f|height:10px;\" class=\"sp-spacer\" style=\"height: 60px;\"><\/div>\n<div id=\"sp-qkrns1\" data-mobile-css=\"#sp-qkrns1|height:40px;\" data-tablet-css=\"#sp-qkrns1|height:10px;\" class=\"sp-spacer\" style=\"height: 12px;\"><\/div>\n<\/div>\n<\/div>\n<\/section>\n<\/div>","protected":false},"excerpt":{"rendered":"<p>\u00c7al\u0131\u015f\u0131yoruz Web sitemiz \u015fu anda g\u00fcncellenmektedir. K\u0131sa s\u00fcre i\u00e7inde yeniden yay\u0131nda olaca\u011f\u0131z.<\/p>\n","protected":false},"author":1,"featured_media":0,"parent":0,"menu_order":0,"comment_status":"closed","ping_status":"closed","template":"","meta":{"site-sidebar-layout":"default","site-content-layout":"","ast-site-content-layout":"default","site-content-style":"default","site-sidebar-style":"default","ast-global-header-display":"","ast-banner-title-visibility":"","ast-main-header-display":"","ast-hfb-above-header-display":"","ast-hfb-below-header-display":"","ast-hfb-mobile-header-display":"","site-post-title":"","ast-breadcrumbs-content":"","ast-featured-img":"","footer-sml-layout":"","ast-disable-related-posts":"","theme-transparent-header-meta":"","adv-header-id-meta":"","stick-header-meta":"","header-above-stick-meta":"","header-main-stick-meta":"","header-below-stick-meta":"","astra-migrate-meta-layouts":"default","ast-page-background-enabled":"default","ast-page-background-meta":{"desktop":{"background-color":"var(--ast-global-color-5)","background-image":"","background-repeat":"repeat","background-position":"center center","background-size":"auto","background-attachment":"scroll","background-type":"","background-media":"","overlay-type":"","overlay-color":"","overlay-opacity":"","overlay-gradient":""},"tablet":{"background-color":"","background-image":"","background-repeat":"repeat","background-position":"center center","background-size":"auto","background-attachment":"scroll","background-type":"","background-media":"","overlay-type":"","overlay-color":"","overlay-opacity":"","overlay-gradient":""},"mobile":{"background-color":"","background-image":"","background-repeat":"repeat","background-position":"center center","background-size":"auto","background-attachment":"scroll","background-type":"","background-media":"","overlay-type":"","overlay-color":"","overlay-opacity":"","overlay-gradient":""}},"ast-content-background-meta":{"desktop":{"background-color":"var(--ast-global-color-4)","background-image":"","background-repeat":"repeat","background-position":"center center","background-size":"auto","background-attachment":"scroll","background-type":"","background-media":"","overlay-type":"","overlay-color":"","overlay-opacity":"","overlay-gradient":""},"tablet":{"background-color":"var(--ast-global-color-4)","background-image":"","background-repeat":"repeat","background-position":"center center","background-size":"auto","background-attachment":"scroll","background-type":"","background-media":"","overlay-type":"","overlay-color":"","overlay-opacity":"","overlay-gradient":""},"mobile":{"background-color":"var(--ast-global-color-4)","background-image":"","background-repeat":"repeat","background-position":"center center","background-size":"auto","background-attachment":"scroll","background-type":"","background-media":"","overlay-type":"","overlay-color":"","overlay-opacity":"","overlay-gradient":""}},"footnotes":""},"class_list":["post-16","page","type-page","status-publish","hentry"],"_links":{"self":[{"href":"https:\/\/nettocontact.com\/index.php?rest_route=\/wp\/v2\/pages\/16","targetHints":{"allow":["GET"]}}],"collection":[{"href":"https:\/\/nettocontact.com\/index.php?rest_route=\/wp\/v2\/pages"}],"about":[{"href":"https:\/\/nettocontact.com\/index.php?rest_route=\/wp\/v2\/types\/page"}],"author":[{"embeddable":true,"href":"https:\/\/nettocontact.com\/index.php?rest_route=\/wp\/v2\/users\/1"}],"replies":[{"embeddable":true,"href":"https:\/\/nettocontact.com\/index.php?rest_route=%2Fwp%2Fv2%2Fcomments&post=16"}],"version-history":[{"count":7,"href":"https:\/\/nettocontact.com\/index.php?rest_route=\/wp\/v2\/pages\/16\/revisions"}],"predecessor-version":[{"id":37,"href":"https:\/\/nettocontact.com\/index.php?rest_route=\/wp\/v2\/pages\/16\/revisions\/37"}],"wp:attachment":[{"href":"https:\/\/nettocontact.com\/index.php?rest_route=%2Fwp%2Fv2%2Fmedia&parent=16"}],"curies":[{"name":"wp","href":"https:\/\/api.w.org\/{rel}","templated":true}]}}